 77005 a composite number?
True
Is 122327 prime?
True
Is 5567 composite?
True
Is 1546117 composite?
False
Is 29717 composite?
False
Is 1231939 prime?
False
Is 9671 a prime number?
False
Is 19181 composite?
False
Is 19661 composite?
False
Is 113621 composite?
False
Is 17809 composite?
True
Is 10471 prime?
False
Is 382847 prime?
True
Is 1566941 a composite number?
True
Is 27663 prime?
False
Is 2643 composite?
True
Is 4265 prime?
False
Is 5879 composite?
False
Is 26017 a composite number?
False
Is 20037 a composite number?
True
Is 656242 prime?
False
Is 1721 a prime number?
True
Is 211634 a composite number?
True
Is 11915 a composite number?
True
Is 30767 a composite number?
True
Is 987871 composite?
True
Is 37691 a composite number?
False
Is 5965 prime?
False
Is 403069 prime?
False
Is 215951 a prime number?
False
Is 46399 prime?
True
Is 174927 a prime number?
False
Is 5219 a composite number?
True
Is 46313 composite?
True
Is 9229 composite?
True
Is 162947 a composite number?
False
Is 6259063 a prime number?
True
Is 433243 a composite number?
True
Is 3163 prime?
True
Is 10391 prime?
True
Is 62171 a prime number?
True
Is 2789 a composite number?
False
Is 3611 prime?
False
Is 330127 composite?
True
Is 145295 prime?
False
Is 2479963 composite?
False
Is 8501 prime?
True
Is 18674 composite?
True
Is 12071 composite?
False
Is 40463 a composite number?
True
Is 33 a composite number?
True
Is 296627 a prime number?
True
Is 14921 prime?
False
Is 1003427 a composite number?
True
Is 224821 a composite number?
True
Is 695677 a composite number?
False
Is 21958 a prime number?
False
Is 31469 prime?
True
Is 544519 prime?
False
Is 251 a composite number?
False
Is 64373 prime?
True
Is 15511 composite?
False
Is 30389 a prime number?
True
Is 136599 a composite number?
True
Is 5639 prime?
True
Is 2672987 composite?
False
Is 372617 a prime number?
False
Is 566179 a composite number?
False
Is 871 a prime number?
False
Is 1693 prime?
True
Is 755 a composite number?
True
Is 147689 a composite number?
False
Is 8903 composite?
True
Is 1102663 a composite number?
False
Is 2477 a composite number?
False
Is 29009 prime?
True
Is 338833 a prime number?
False
Is 36463 a prime number?
False
Is 1144405 prime?
False
Is 110339 composite?
False
Is 7081 prime?
False
Is 236947 prime?
True
Is 7355 a composite number?
True
Is 4691 a prime number?
True
Is 20879 composite?
False
Is 5541 a prime number?
False
Is 306097 composite?
True
Is 6719 a composite number?
False
Is 30757 a composite number?
False
Is 248431 composite?
False
Is 27355 a composite number?
True
Is 25691 prime?
False
Is 46199 composite?
False
Is 1396181 a composite number?
True
Is 3317315 prime?
False
Is 1457513 composite?
False
Is 28893 composite?
True
Is 232391 prime?
True
Is 11027 prime?
True
Is 5617 a prime number?
False
Is 44617 composite?
False
Is 101359 a composite number?
False
Is 14653 prime?
True
Is 249791 composite?
True
Is 2552813 prime?
False
Is 225847 prime?
False
Is 260137 prime?
True
Is 379273 a composite number?
False
Is 2099 a prime number?
True
Is 47131 a composite number?
True
Is 5747 a composite number?
True
Is 420533 prime?
False
Is 868973 a prime number?
False
Is 102423 prime?
False
Is 27641 a composite number?
True
Is 209353 prime?
True
Is 43297 composite?
True
Is 8741 a composite number?
False
Is 26097 a prime number?
False
Is 149849 a composite number?
True
Is 28361 prime?
False
Is 989 composite?
True
Is 2813 composite?
True
Is 3251 a composite number?
False
Is 2777 a composite number?
False
Is 309227 a prime number?
False
Is 8011 prime?
True
Is 28811 a prime number?
False
Is 275959 a composite number?
True
Is 19021 a prime number?
False
Is 326965 composite?
True
Is 7613 composite?
True
Is 32493 prime?
False
Is 34115 a prime number?
False
Is 471101 prime?
True
Is 830777 prime?
True
Is 7495 prime?
False
Is 126097 a composite number?
False
Is 132383 prime?
True
Is 7291 a prime number?
False
Is 74797 composite?
False
Is 38461 composite?
False
Is 17543 a composite number?
True
Is 4937 composite?
False
Is 13393 composite?
True
Is 1975481 a composite number?
False
Is 351341 composite?
False
Is 40277 a composite number?
False
Is 58787 composite?
False
Is 1097 composite?
False
Is 393955 composite?
True
Is 8321 a prime number?
False
Is 8495 prime?
False
Is 127615 a composite number?
True
Is 5729 a prime number?
False
Is 42623 prime?
False
Is 1087 a prime number?
True
Is 84163 composite?
False
Is 165061 a prime number?
False
Is 7382 a prime number?
False
Is 20183 a composite number?
False
Is 14437 a prime number?
True
Is 15986 composite?
True
Is 18329 a prime number?
True
Is 2785 composite?
True
Is 12661 a prime number?
False
Is 24943 prime?
True
Is 6033 composite?
True
Is 1295891 prime?
False
Is 92873 prime?
False
Is 837869 prime?
False
Is 18617 prime?
True
Is 85265 a prime number?
False
Is 24627 composite?
True
Is 206174 composite?
True
Is 9235 prime?
False
Is 7899 a composite number?
True
Is 15727 prime?
True
Is 647294 a composite number?
True
Is 37951 prime?
True
Is 66277 a prime number?
False
Is 349729 a composite number?
False
Is 10248343 a composite number?
True
Is 215399 a composite number?
False
Is 187729 a composite number?
True
Is 142283 composite?
True
Is 10135 a composite number?
True
Is 2866 a prime number?
False
Is 8735 a composite number?
True
Is 194443 prime?
True
Is 323593 a composite number?
True
Is 1974851 a composite number?
False
Is 210811 composite?
False
Is 751 a composite number?
False
Is 3683 a composite number?
True
Is 530113 a prime number?
False
Is 39191 prime?
True
Is 357967 prime?
True
Is 546709 composite?
False
Is 130173 prime?
False
Is 10351 a composite number?
True
Is 426383 prime?
True
Is 11113 prime?
True
Is 9413 a prime number?
True
Is 4443337 a prime number?
False
Is 23223 prime?
False
Is 12659 prime?
True
Is 365969 prime?
True
Is 22141 prime?
False
Is 209631 composite?
True
Is 29077 prime?
True
Is 75839 a composite number?
True
Is 152597 prime?
True
Is 445595 prime?
False
Is 31 prime?
True
Is 1709 prime?
True
Is 5747 a prime number?
False
Is 228181 a prime number?
True
Is 249319 a composite number?
True
Is 117893 a composite number?
True
Is 2815 composite?
True
Is 183031 a composite number?
True
Is 130997 a composite number?
True
Is 77141 prime?
True
Is 823309 prime?
True
Is 1823 prime?
True
Is 8367 a prime number?
False
Is 410507 a prime number?
True
Is 94883 prime?
False
Is 23189 a prime number?
True
Is 14302 a prime number?
False
Is 1629965 a prime number?
False
Is 188011 prime?
True
Is 197539 composite?
False
Is 9157 composite?
False
Is 56299 a composite number?
False
Is 40265 prime?
False
Is 27106 a prime number?
False
Is 21506 prime?
False
Is 477187 a composite number?
True
Is 1919 a prime number?
False
Is 187823 a prime number?
True
Is 33149 a composite number?
False
Is 248371 prime?
True
Is 155417 prime?
False
Is 84589 a prime number?
True
Is 110863 a prime number?
True
Is 36061 composite?
False
Is 242237 prime?
False
Is 159719 composite?
True
Is 475079 composite?
True
Is 16919 a prime number?
False
Is 401509 a composite number?
True
Is 48973 composite?
False
Is 535083 a composite number?
True
Is 6637 a prime number?
True
Is 27383 prime?
False
Is 5854 a prime number?
False
Is 506453 prime?
False
Is 34897 prime?
True
Is 122413 a composite number?
True
Is 2074285 composite?
True
Is 1583633 a prime number?
False
Is 4547 a prime number?
True
Is 58567 a prime number?
True
Is 24721 prime?
False
Is 33049 a prime number?
True
Is 24169 a composite number?
False
Is 99523 a prime number?
True
Is 159539 composite?
False
Is 686669 a prime number?
True
Is 319487 a prime number?
False
Is 52261 a prime number?
False
Is 7853 composite?
False
Is 18295 composite?
True
Is 672271 composite?
False
Is 50311 prime?
True
Is 10109 prime?
False
Is 78459 prime?
False
Is 8329 a composite number?
False
Is 486203 a prime number?
True
Is 247213 a prime number?
False
Is 1543 composite?
False
Is 12403 prime?
False
Is 250301 composite?
False
Is 753031 prime?
True
Is 31781 a composite number?
True
Is 5305 a prime number?
False
Is 38113 composite?
False
Is 692867 a composite number?
True
Is 146201 a prime number?
False
Is 4618 a composite number?
True
Is 673627 prime?
False
Is 7451 a prime numb